{"id":445,"date":"2019-03-21T13:22:30","date_gmt":"2019-03-21T13:22:30","guid":{"rendered":"http:\/\/www.lakevillalotus.com\/?page_id=445"},"modified":"2024-03-15T10:35:14","modified_gmt":"2024-03-15T10:35:14","slug":"presseartikel","status":"publish","type":"page","link":"https:\/\/www.lakevillalotus.com\/?page_id=445&lang=de","title":{"rendered":"Presse"},"content":{"rendered":"\n<h1 class=\"wp-block-heading\">Presse Artikel 2018<\/h1>\n\n\n\n<h2 class=\"wp-block-heading\">Pop-up Hotel nomination<\/h2>\n\n\n\n<p><a href=\"https:\/\/www.myswitzerland.com\/de-ch\/swiss-pop-up-hotels.html\" target=\"_blank\" rel=\"noreferrer noopener\">MySwitzerland.com<\/a> (Tourismus Schweiz) lancierte im Jahr 2018 eine Initiative und jede teilnehmende Stadt konnte eine auserw\u00e4hlte \u00dcbernachtungsm\u00f6glichkeit nominieren. Wir sind sehr stolz nicht nur, dass wir als die auserw\u00e4hlte Unterkunft der Stadt Luzern wurden, sondern dass wir bei fast allen publizierten Artikel die Attraktion aller Schweizer Pop-up Hotels waren. <strong>Haben wir Ihr Interesse geweckt? Dann kontaktieren Sie uns doch direkt.  <\/strong><\/p>\n\n\n\n<p>Eine Umfrage hat auch gezeigt, dass wir bei weitem <a href=\"http:\/\/m.20min.ch\/finance\/news\/story\/schlafen--wo-noch-niemand-geschlafen-hat-14049459\" target=\"_blank\" rel=\"noreferrer noopener\">die beliebteste Location von allen pop-up Hotels<\/a> sind (62% von 1700 Teilnehmern haben f\u00fcr unser geheimes Bootshaus in Luzern abgestimmt)<\/p>\n\n\n\n<h2 class=\"wp-block-heading\">Hier finden Sie eine Auswahl von Links<\/h2>\n\n\n\n<h3 class=\"wp-block-heading\">Schweiz<\/h3>\n\n\n\n<ul class=\"wp-block-list\"><li><a href=\"https:\/\/www.myswitzerland.com\/de-ch\/swiss-pop-up-hotels.html\" target=\"_blank\" rel=\"noreferrer noopener\">MySwitzerland.com<\/a><\/li><li><a href=\"https:\/\/www.myswitzerland.com\/de-ch\/hotels\/stchotel-16582.html\" target=\"_blank\" rel=\"noreferrer noopener\">Pop-up<\/a><\/li><li><a href=\"https:\/\/www.swisshotels.com\/de\/hotels\/zentralschweiz\/kastanienbaum\/pop-up-hotel-luzern#\/hotel\/%7B&quot;destination&quot;:%7B&quot;hotelId&quot;:&quot;16582&quot;,&quot;name&quot;:&quot;Pop-up%20Hotel%20Luzern&quot;%7D,&quot;periodOfStay&quot;:%7B&quot;checkInDate&quot;:&quot;2018-06-15&quot;,&quot;checkOutDate&quot;:&quot;2018-06-16&quot;%7D%7D\" target=\"_blank\" rel=\"noreferrer noopener\">Swisshotels<\/a><\/li><li><a href=\"https:\/\/harrysding.ch\/2018\/06\/24\/swiss-popup-hotel-luzern\/\" target=\"_blank\" rel=\"noreferrer noopener\">Harrysding<\/a><\/li><li><a href=\"http:\/\/m.luzern.com\/de\/page.cfm\/pop-up-hotel-luzern\" target=\"_blank\" rel=\"noreferrer noopener\">Luzern.com<\/a><\/li><li><a href=\"https:\/\/www.luzernerzeitung.ch\/zentralschweiz\/luzern\/bootshaus-am-vierwaldstaettersee-wird-zum-temporaeren-hotelzimmer-ld.1026312\" target=\"_blank\" rel=\"noreferrer noopener\">Luzernerzeitung<\/a><\/li><li><a href=\"https:\/\/www.falstaff.ch\/nd\/einzigartige-locations-werden-zu-pop-up-hotels\/\" target=\"_blank\" rel=\"noreferrer noopener\">Falstaff.ch<\/a><\/li><li><a href=\"http:\/\/m.20min.ch\/finance\/news\/story\/schlafen--wo-noch-niemand-geschlafen-hat-14049459\" target=\"_blank\" rel=\"noreferrer noopener\">20min.ch<\/a><\/li><li><a href=\"https:\/\/www.travelnews.ch\/hotellerie\/9013-jetzt-kommen-die-schweizer-pop-up-hotels.html\" target=\"_blank\" rel=\"noreferrer noopener\">travelnews.ch<\/a><\/li><li><a href=\"https:\/\/www.bluewin.ch\/de\/leben\/reisen\/pop-ups-das-sind-die-11-verruecktesten-schweizer-hotels-108368.html\" target=\"_blank\" rel=\"noreferrer noopener\">bluewin.ch<\/a><\/li><li><a href=\"http:\/\/www.fricktal24.ch\/Allerlei.171+M5af421005e3.0.html\" target=\"_blank\" rel=\"noreferrer noopener\">fricktal.ch<\/a><\/li><li><a href=\"https:\/\/www.htr.ch\/news\/schweiz-tourismus-bewirbt-uebernachtungen-im-pop-up-hotel-13811.html\" target=\"_blank\" rel=\"noreferrer noopener\">htr.ch<\/a><\/li><li><a href=\"https:\/\/www.nau.ch\/nachrichten\/schweiz\/2018\/06\/05\/schweiz-tourismus-stadte-kampagne-mit-pop-up-hotels-65347798\" target=\"_blank\" rel=\"noreferrer noopener\">nau.ch<\/a><\/li><li><a href=\"https:\/\/www.suedostschweiz.ch\/politik\/2018-06-05\/pop-up-hotels-uebernachten-wo-noch-niemand-geschlafen-hat\" target=\"_blank\" rel=\"noreferrer noopener\">Suedostschweiz<\/a><\/li><li><a href=\"https:\/\/www.blick.ch\/news\/wirtschaft\/pop-up-hotels-in-schweizer-denkmaelern-beliebt-alter-fischergalgen-nach-24-stunden-bereits-ausgebucht-id8467938.html\" target=\"_blank\" rel=\"noreferrer noopener\">Blick<\/a><\/li><li><a href=\"https:\/\/bellevue.nzz.ch\/reisen-entdecken\/schlafen-auf-zeit-pop-up-hotels-gehen-in-die-verlaengerung-ld.1415208\" target=\"_blank\" rel=\"noreferrer noopener\">NZZ<\/a><\/li><li><a href=\"https:\/\/www.bote.ch\/nachrichten\/zentralschweiz\/luzern\/schweizer-pop-up-hotels-boomen-auch-in-luzern;art92,1119054\" target=\"_blank\" rel=\"noreferrer noopener\">Bote.ch<\/a><\/li><li><a href=\"https:\/\/www.travelnews.ch\/hotellerie\/9013-jetzt-kommen-die-schweizer-pop-up-hotels.html\" target=\"_blank\" rel=\"noreferrer noopener\">Travelnews.ch<\/a><\/li><li><a href=\"https:\/\/wilerwoche.ch\/news-item\/pop-up-hotels\/\" target=\"_blank\" rel=\"noreferrer noopener\">wilerwoche<\/a><\/li><li><a href=\"https:\/\/www.gastrojournal.ch\/news\/detail\/pop-up-hotels-professionell-betreiben\/\" target=\"_blank\" rel=\"noreferrer noopener\">Gastrojournal<\/a><\/li><li><a href=\"https:\/\/mosaikreisen.wordpress.com\/2018\/06\/29\/pop-up-hotels-in-den-schweizer-staedten-im-sommer-2018\/\" target=\"_blank\" rel=\"noreferrer noopener\">Mosaikreisen<\/a><\/li><li><a href=\"https:\/\/www.tagesanzeiger.ch\/reisen\/nahziele\/ein-bett-im-fischerhaeuschen\/story\/10278890\" target=\"_blank\" rel=\"noreferrer noopener\">Tagesanzeiger<\/a><\/li><li><a href=\"https:\/\/thurgauerwoche.ch\/news-item\/pop-up-hotels\/\" target=\"_blank\" rel=\"noreferrer noopener\">Thurgauerwoche<\/a><\/li><li><a href=\"https:\/\/abouttravel.ch\/geschaftsreisen-tagungen\/locations\/ungewoehnlich-schlafen-in-der-schweiz\/\" target=\"_blank\" rel=\"noreferrer noopener\">Abouttravel<\/a><\/li><li><a href=\"https:\/\/www.gastronomie-hotellerie.com\/schweizer-pop-hotels\" target=\"_blank\" rel=\"noreferrer noopener\">Gastromie-hotellerie<\/a><\/li><li><a href=\"https:\/\/www.schweizer-illustrierte.ch\/lifestyle\/weekend\/voll-im-trend-pop-up-hotels\" target=\"_blank\" rel=\"noreferrer noopener\">Schweizer Illustrierte<\/a><\/li><li><a href=\"https:\/\/www.toponline.ch\/news\/schweiz\/detail\/news\/pop-up-hotels-sollen-schweizer-tourismus-befluegeln-0089504\/\" target=\"_blank\" rel=\"noreferrer noopener\">toponline<\/a><\/li><li><a href=\"https:\/\/www.fm1today.ch\/pop-up-hotels-uebernachten-wo-noch-niemand-geschlafen-hat\/785503\" target=\"_blank\" rel=\"noreferrer noopener\">fm1today<\/a><\/li><li><a href=\"https:\/\/www.bernerzeitung.ch\/region\/bern\/schlafen-auf-der-nydeggbruecke\/story\/25765568\" target=\"_blank\" rel=\"noreferrer noopener\">Bernerzeitung<\/a><\/li><li><a href=\"http:\/\/www.die-222-besten-hotels.ch\/news\/news-detail\/article\/aussergewoehnliche-uebernachtungsorte\/\" target=\"_blank\" rel=\"noreferrer noopener\">die-222-besten-hotels<\/a><\/li><li><a href=\"https:\/\/www.gewerbezeitung.ch\/de\/news_archiv\/s\u00fcsse-tr\u00e4ume-im-bootshaus\" target=\"_blank\" rel=\"noreferrer noopener\">Gewerbezeitung<\/a><\/li><li><a href=\"https:\/\/www.tagblatt.ch\/leben\/eine-nacht-gefangen-gehalten-ld.1031041\" target=\"_blank\" rel=\"noreferrer noopener\">tagblatt.ch<\/a><\/li><\/ul>\n\n\n\n<h3 class=\"wp-block-heading\">International<\/h3>\n\n\n\n<ul class=\"wp-block-list\"><li><a href=\"https:\/\/www.stern.de\/reise\/europa\/swiss-pop-up-hotels--diese-verruecktesten-hotels-gibt-es-nur-einen-sommer-lang-8117328.html#mg-1_1535617292970\" target=\"_blank\" rel=\"noreferrer noopener\">Stern.de<\/a><\/li><li><a href=\"https:\/\/www.nachrichten.at\/reisen\/Nur-einen-Sommer-lang;art119,2930950\" target=\"_blank\" rel=\"noreferrer noopener\">Nachrichten.at<\/a><\/li><li><a href=\"https:\/\/www.travel4news.at\/129125\/neu-in-der-schweiz-pop-up-hotels-in-den-elf-staedten\/\" target=\"_blank\" rel=\"noreferrer noopener\">travel4news.at<\/a><\/li><li><a href=\"https:\/\/www.miceboard.com\/neu-und-nur-in-diesem-sommer-pop-up-hotels-in-den-schweizer-staedten\/\" target=\"_blank\" rel=\"noreferrer noopener\">Miceboard<\/a><\/li><li><a href=\"https:\/\/www.moneycab.com\/2018\/08\/22\/pop-up-hotels-gehen-in-die-verlaengerung\/\" target=\"_blank\" rel=\"noreferrer noopener\">moneycab<\/a><\/li><li><a href=\"https:\/\/www.vacationstravel.com\/switzerlands-pop-up-hotels\/\" target=\"_blank\" rel=\"noreferrer noopener\">Vacationstravel.com<\/a><\/li><li><a href=\"https:\/\/thewest.com.au\/travel\/europe\/pop-up-hotels-offer-unusual-swiss-stay-ng-b88880252z\" target=\"_blank\" rel=\"noreferrer noopener\">thewest.com.au<\/a><\/li><li><a href=\"http:\/\/america.etbtravelnews.global\/359145\/switzerland-tourism-launches-brand-new-summer-pop-up-hotels\/\" target=\"_blank\" rel=\"noreferrer noopener\">america.etbtravelnews<\/a><\/li><li><a href=\"http:\/\/www.eglobaltravelmedia.com.au\/switzerland-tourism-launches-brand-new-summer-pop-up-hotels-sleep-where-no-one-else-has-slept-before\/\" target=\"_blank\" rel=\"noreferrer noopener\">eglobaltravelmedia.com.au\/<\/a><\/li><li><a href=\"https:\/\/www.luxurytravelmag.com.au\/2018\/06\/switzerland-pop-up-hotels\/\" target=\"_blank\" rel=\"noreferrer noopener\">luxurytravelmag.com.au<\/a><\/li><\/ul>\n\n\n\n<h3 class=\"wp-block-heading\">Auch ein Youtube Video wurde gemacht<\/h3>\n\n\n<div class=\"jetpack-video-wrapper\"><span class=\"embed-youtube\" style=\"text-align:center; display: block;\"><iframe loading=\"lazy\" class=\"youtube-player\" width=\"825\" height=\"465\" src=\"https:\/\/www.youtube.com\/embed\/GvIqdL2AhT0?version=3&#038;rel=1&#038;showsearch=0&#038;showinfo=1&#038;iv_load_policy=1&#038;fs=1&#038;hl=de-DE&#038;autohide=2&#038;wmode=transparent\" allowfullscreen=\"true\" style=\"border:0;\" sandbox=\"allow-scripts allow-same-origin allow-popups allow-presentation allow-popups-to-escape-sandbox\"><\/iframe><\/span><\/div>\n","protected":false},"excerpt":{"rendered":"<p>Presse Artikel 2018 Pop-up Hotel nomination MySwitzerland.com (Tourismus Schweiz) lancierte im Jahr 2018 eine Initiative und jede teilnehmende Stadt konnte eine auserw\u00e4hlte \u00dcbernachtungsm\u00f6glichkeit nominieren. Wir sind sehr stolz nicht nur, dass wir als die auserw\u00e4hlte Unterkunft der Stadt Luzern wurden, sondern dass wir bei fast allen publizierten Artikel die Attraktion aller Schweizer Pop-up Hotels waren.&hellip; <a href=\"https:\/\/www.lakevillalotus.com\/?page_id=445&#038;lang=de\" class=\"more-link\">Weiterlesen <span class=\"screen-reader-text\">Presse<\/span><\/a><\/p>\n","protected":false},"author":1,"featured_media":0,"parent":222,"menu_order":0,"comment_status":"closed","ping_status":"closed","template":"","meta":{"om_disable_all_campaigns":false,"_monsterinsights_skip_tracking":false,"_monsterinsights_sitenote_active":false,"_monsterinsights_sitenote_note":"","_monsterinsights_sitenote_category":0,"_uf_show_specific_survey":0,"_uf_disable_surveys":false,"two_page_speed":[],"footnotes":""},"tags":[],"class_list":["post-445","page","type-page","status-publish","hentry","without-featured-image"],"yoast_head":"<!-- This site is optimized with the Yoast SEO plugin v27.3 - https:\/\/yoast.com\/product\/yoast-seo-wordpress\/ -->\n<title>Presse - Lake Villa Lotus<\/title>\n<meta name=\"description\" content=\"Myswitzerland.com has nominated 11 pop-up hotels and our location has shown to be the preferred location amongst all of them. For more info visit.\" \/>\n<meta name=\"robots\" content=\"index, follow, max-snippet:-1, max-image-preview:large, max-video-preview:-1\" \/>\n<link rel=\"canonical\" href=\"https:\/\/www.lakevillalotus.com\/?page_id=445&lang=de\" \/>\n<meta property=\"og:locale\" content=\"de_DE\" \/>\n<meta property=\"og:type\" content=\"article\" \/>\n<meta property=\"og:title\" content=\"Presse - Lake Villa Lotus\" \/>\n<meta property=\"og:description\" content=\"Myswitzerland.com has nominated 11 pop-up hotels and our location has shown to be the preferred location amongst all of them. For more info visit.\" \/>\n<meta property=\"og:url\" content=\"https:\/\/www.lakevillalotus.com\/?page_id=445&amp;lang=de\" \/>\n<meta property=\"og:site_name\" content=\"Lake Villa Lotus\" \/>\n<meta property=\"article:publisher\" content=\"https:\/\/www.facebook.com\/LakeVillaLotus\/\" \/>\n<meta property=\"article:modified_time\" content=\"2024-03-15T10:35:14+00:00\" \/>\n<meta property=\"og:image\" content=\"https:\/\/www.lakevillalotus.com\/wp-content\/uploads\/2019\/08\/cropped-SummerView2.jpg\" \/>\n\t<meta property=\"og:image:width\" content=\"1180\" \/>\n\t<meta property=\"og:image:height\" content=\"359\" \/>\n\t<meta property=\"og:image:type\" content=\"image\/jpeg\" \/>\n<meta name=\"twitter:card\" content=\"summary_large_image\" \/>\n<meta name=\"twitter:site\" content=\"@lakevillalotus\" \/>\n<meta name=\"twitter:label1\" content=\"Gesch\u00e4tzte Lesezeit\" \/>\n\t<meta name=\"twitter:data1\" content=\"1\u00a0Minute\" \/>\n<script type=\"application\/ld+json\" class=\"yoast-schema-graph\">{\"@context\":\"https:\\\/\\\/schema.org\",\"@graph\":[{\"@type\":\"WebPage\",\"@id\":\"https:\\\/\\\/www.lakevillalotus.com\\\/?page_id=445&lang=de\",\"url\":\"https:\\\/\\\/www.lakevillalotus.com\\\/?page_id=445&lang=de\",\"name\":\"Presse - Lake Villa Lotus\",\"isPartOf\":{\"@id\":\"https:\\\/\\\/www.lakevillalotus.com\\\/#website\"},\"datePublished\":\"2019-03-21T13:22:30+00:00\",\"dateModified\":\"2024-03-15T10:35:14+00:00\",\"description\":\"Myswitzerland.com has nominated 11 pop-up hotels and our location has shown to be the preferred location amongst all of them. For more info visit.\",\"breadcrumb\":{\"@id\":\"https:\\\/\\\/www.lakevillalotus.com\\\/?page_id=445&lang=de#breadcrumb\"},\"inLanguage\":\"de\",\"potentialAction\":[{\"@type\":\"ReadAction\",\"target\":[\"https:\\\/\\\/www.lakevillalotus.com\\\/?page_id=445&lang=de\"]}]},{\"@type\":\"BreadcrumbList\",\"@id\":\"https:\\\/\\\/www.lakevillalotus.com\\\/?page_id=445&lang=de#breadcrumb\",\"itemListElement\":[{\"@type\":\"ListItem\",\"position\":1,\"name\":\"Home\",\"item\":\"https:\\\/\\\/www.lakevillalotus.com\\\/\"},{\"@type\":\"ListItem\",\"position\":2,\"name\":\"Klassische Villa Luzern\",\"item\":\"https:\\\/\\\/www.lakevillalotus.com\\\/?page_id=222&lang=de\"},{\"@type\":\"ListItem\",\"position\":3,\"name\":\"Presse\"}]},{\"@type\":\"WebSite\",\"@id\":\"https:\\\/\\\/www.lakevillalotus.com\\\/#website\",\"url\":\"https:\\\/\\\/www.lakevillalotus.com\\\/\",\"name\":\"Lake Villa Lotus\",\"description\":\"Classic Villa rental at Lake Lucerne | Private Pool | Direct Lake Access &amp; Private Beach | Lakefront Villa | Unique Privacy\",\"publisher\":{\"@id\":\"https:\\\/\\\/www.lakevillalotus.com\\\/#organization\"},\"alternateName\":\"Luxury Villa Rental at Lake Lucerne | Lake Villa Lotus\",\"potentialAction\":[{\"@type\":\"SearchAction\",\"target\":{\"@type\":\"EntryPoint\",\"urlTemplate\":\"https:\\\/\\\/www.lakevillalotus.com\\\/?s={search_term_string}\"},\"query-input\":{\"@type\":\"PropertyValueSpecification\",\"valueRequired\":true,\"valueName\":\"search_term_string\"}}],\"inLanguage\":\"de\"},{\"@type\":\"Organization\",\"@id\":\"https:\\\/\\\/www.lakevillalotus.com\\\/#organization\",\"name\":\"Lake Villa Lotus\",\"alternateName\":\"Luxury Villa Rental at Lake Lucerne | Lake Villa Lotus\",\"url\":\"https:\\\/\\\/www.lakevillalotus.com\\\/\",\"logo\":{\"@type\":\"ImageObject\",\"inLanguage\":\"de\",\"@id\":\"https:\\\/\\\/www.lakevillalotus.com\\\/#\\\/schema\\\/logo\\\/image\\\/\",\"url\":\"https:\\\/\\\/www.lakevillalotus.com\\\/wp-content\\\/uploads\\\/2018\\\/08\\\/logo2_180701.jpg\",\"contentUrl\":\"https:\\\/\\\/www.lakevillalotus.com\\\/wp-content\\\/uploads\\\/2018\\\/08\\\/logo2_180701.jpg\",\"width\":1124,\"height\":800,\"caption\":\"Lake Villa Lotus\"},\"image\":{\"@id\":\"https:\\\/\\\/www.lakevillalotus.com\\\/#\\\/schema\\\/logo\\\/image\\\/\"},\"sameAs\":[\"https:\\\/\\\/www.facebook.com\\\/LakeVillaLotus\\\/\",\"https:\\\/\\\/x.com\\\/lakevillalotus\",\"https:\\\/\\\/www.instagram.com\\\/lakevillalotus\\\/\",\"https:\\\/\\\/www.linkedin.com\\\/in\\\/lake-villa-lotus-luzern-a3a179198\\\/?originalSubdomain=ch\"]}]}<\/script>\n<!-- \/ Yoast SEO plugin. -->","yoast_head_json":{"title":"Presse - Lake Villa Lotus","description":"Myswitzerland.com has nominated 11 pop-up hotels and our location has shown to be the preferred location amongst all of them. For more info visit.","robots":{"index":"index","follow":"follow","max-snippet":"max-snippet:-1","max-image-preview":"max-image-preview:large","max-video-preview":"max-video-preview:-1"},"canonical":"https:\/\/www.lakevillalotus.com\/?page_id=445&lang=de","og_locale":"de_DE","og_type":"article","og_title":"Presse - Lake Villa Lotus","og_description":"Myswitzerland.com has nominated 11 pop-up hotels and our location has shown to be the preferred location amongst all of them. For more info visit.","og_url":"https:\/\/www.lakevillalotus.com\/?page_id=445&lang=de","og_site_name":"Lake Villa Lotus","article_publisher":"https:\/\/www.facebook.com\/LakeVillaLotus\/","article_modified_time":"2024-03-15T10:35:14+00:00","og_image":[{"width":1180,"height":359,"url":"https:\/\/www.lakevillalotus.com\/wp-content\/uploads\/2019\/08\/cropped-SummerView2.jpg","type":"image\/jpeg"}],"twitter_card":"summary_large_image","twitter_site":"@lakevillalotus","twitter_misc":{"Gesch\u00e4tzte Lesezeit":"1\u00a0Minute"},"schema":{"@context":"https:\/\/schema.org","@graph":[{"@type":"WebPage","@id":"https:\/\/www.lakevillalotus.com\/?page_id=445&lang=de","url":"https:\/\/www.lakevillalotus.com\/?page_id=445&lang=de","name":"Presse - Lake Villa Lotus","isPartOf":{"@id":"https:\/\/www.lakevillalotus.com\/#website"},"datePublished":"2019-03-21T13:22:30+00:00","dateModified":"2024-03-15T10:35:14+00:00","description":"Myswitzerland.com has nominated 11 pop-up hotels and our location has shown to be the preferred location amongst all of them. For more info visit.","breadcrumb":{"@id":"https:\/\/www.lakevillalotus.com\/?page_id=445&lang=de#breadcrumb"},"inLanguage":"de","potentialAction":[{"@type":"ReadAction","target":["https:\/\/www.lakevillalotus.com\/?page_id=445&lang=de"]}]},{"@type":"BreadcrumbList","@id":"https:\/\/www.lakevillalotus.com\/?page_id=445&lang=de#breadcrumb","itemListElement":[{"@type":"ListItem","position":1,"name":"Home","item":"https:\/\/www.lakevillalotus.com\/"},{"@type":"ListItem","position":2,"name":"Klassische Villa Luzern","item":"https:\/\/www.lakevillalotus.com\/?page_id=222&lang=de"},{"@type":"ListItem","position":3,"name":"Presse"}]},{"@type":"WebSite","@id":"https:\/\/www.lakevillalotus.com\/#website","url":"https:\/\/www.lakevillalotus.com\/","name":"Lake Villa Lotus","description":"Classic Villa rental at Lake Lucerne | Private Pool | Direct Lake Access &amp; Private Beach | Lakefront Villa | Unique Privacy","publisher":{"@id":"https:\/\/www.lakevillalotus.com\/#organization"},"alternateName":"Luxury Villa Rental at Lake Lucerne | Lake Villa Lotus","potentialAction":[{"@type":"SearchAction","target":{"@type":"EntryPoint","urlTemplate":"https:\/\/www.lakevillalotus.com\/?s={search_term_string}"},"query-input":{"@type":"PropertyValueSpecification","valueRequired":true,"valueName":"search_term_string"}}],"inLanguage":"de"},{"@type":"Organization","@id":"https:\/\/www.lakevillalotus.com\/#organization","name":"Lake Villa Lotus","alternateName":"Luxury Villa Rental at Lake Lucerne | Lake Villa Lotus","url":"https:\/\/www.lakevillalotus.com\/","logo":{"@type":"ImageObject","inLanguage":"de","@id":"https:\/\/www.lakevillalotus.com\/#\/schema\/logo\/image\/","url":"https:\/\/www.lakevillalotus.com\/wp-content\/uploads\/2018\/08\/logo2_180701.jpg","contentUrl":"https:\/\/www.lakevillalotus.com\/wp-content\/uploads\/2018\/08\/logo2_180701.jpg","width":1124,"height":800,"caption":"Lake Villa Lotus"},"image":{"@id":"https:\/\/www.lakevillalotus.com\/#\/schema\/logo\/image\/"},"sameAs":["https:\/\/www.facebook.com\/LakeVillaLotus\/","https:\/\/x.com\/lakevillalotus","https:\/\/www.instagram.com\/lakevillalotus\/","https:\/\/www.linkedin.com\/in\/lake-villa-lotus-luzern-a3a179198\/?originalSubdomain=ch"]}]}},"jetpack_sharing_enabled":true,"jetpack_shortlink":"https:\/\/wp.me\/P9VoQm-7b","_links":{"self":[{"href":"https:\/\/www.lakevillalotus.com\/index.php?rest_route=\/wp\/v2\/pages\/445","targetHints":{"allow":["GET"]}}],"collection":[{"href":"https:\/\/www.lakevillalotus.com\/index.php?rest_route=\/wp\/v2\/pages"}],"about":[{"href":"https:\/\/www.lakevillalotus.com\/index.php?rest_route=\/wp\/v2\/types\/page"}],"author":[{"embeddable":true,"href":"https:\/\/www.lakevillalotus.com\/index.php?rest_route=\/wp\/v2\/users\/1"}],"replies":[{"embeddable":true,"href":"https:\/\/www.lakevillalotus.com\/index.php?rest_route=%2Fwp%2Fv2%2Fcomments&post=445"}],"version-history":[{"count":5,"href":"https:\/\/www.lakevillalotus.com\/index.php?rest_route=\/wp\/v2\/pages\/445\/revisions"}],"predecessor-version":[{"id":762,"href":"https:\/\/www.lakevillalotus.com\/index.php?rest_route=\/wp\/v2\/pages\/445\/revisions\/762"}],"up":[{"embeddable":true,"href":"https:\/\/www.lakevillalotus.com\/index.php?rest_route=\/wp\/v2\/pages\/222"}],"wp:attachment":[{"href":"https:\/\/www.lakevillalotus.com\/index.php?rest_route=%2Fwp%2Fv2%2Fmedia&parent=445"}],"wp:term":[{"taxonomy":"post_tag","embeddable":true,"href":"https:\/\/www.lakevillalotus.com\/index.php?rest_route=%2Fwp%2Fv2%2Ftags&post=445"}],"curies":[{"name":"wp","href":"https:\/\/api.w.org\/{rel}","templated":true}]}}