{"id":286,"date":"2018-10-09T18:59:05","date_gmt":"2018-10-09T18:59:05","guid":{"rendered":"http:\/\/www.lakevillalotus.com\/?page_id=286"},"modified":"2023-04-12T11:03:42","modified_gmt":"2023-04-12T11:03:42","slug":"die-geschichte-des-hauses","status":"publish","type":"page","link":"https:\/\/www.lakevillalotus.com\/?page_id=286&lang=de","title":{"rendered":"Geschichte"},"content":{"rendered":"<ul>\n<li>Das Haus wurde 1941 von einem K\u00e4seproduzent und &#8211; exporteur aus dem Emmental gebaut. Er war einer der ersten welche K\u00e4se in die USA exportierten.<\/li>\n<li>1945 erschien ein Artikel \u00fcber das Haus in dem bekannten Schweizer Magazin &#8222;Das ideale Heim&#8220;<\/li>\n<\/ul>\n<div id='gallery-1' class='gallery galleryid-286 gallery-columns-3 gallery-size-thumbnail'><figure class='gallery-item'>\n\t\t\t<div class='gallery-icon portrait'>\n\t\t\t\t<a href='https:\/\/www.lakevillalotus.com\/?attachment_id=296'><img loading=\"lazy\" decoding=\"async\" width=\"150\" height=\"150\" src=\"https:\/\/www.lakevillalotus.com\/wp-content\/uploads\/2018\/10\/IdealesHeim_0-3-150x150.jpg\" class=\"attachment-thumbnail size-thumbnail\" alt=\"\" srcset=\"https:\/\/www.lakevillalotus.com\/wp-content\/uploads\/2018\/10\/IdealesHeim_0-3-150x150.jpg 150w, https:\/\/www.lakevillalotus.com\/wp-content\/uploads\/2018\/10\/IdealesHeim_0-3-180x180.jpg 180w\" sizes=\"auto, (max-width: 150px) 100vw, 150px\" \/><\/a>\n\t\t\t<\/div><\/figure><figure class='gallery-item'>\n\t\t\t<div class='gallery-icon portrait'>\n\t\t\t\t<a href='https:\/\/www.lakevillalotus.com\/?attachment_id=297'><img loading=\"lazy\" decoding=\"async\" width=\"150\" height=\"150\" src=\"https:\/\/www.lakevillalotus.com\/wp-content\/uploads\/2018\/10\/IdealesHeim_1-2-150x150.jpg\" class=\"attachment-thumbnail size-thumbnail\" alt=\"\" srcset=\"https:\/\/www.lakevillalotus.com\/wp-content\/uploads\/2018\/10\/IdealesHeim_1-2-150x150.jpg 150w, https:\/\/www.lakevillalotus.com\/wp-content\/uploads\/2018\/10\/IdealesHeim_1-2-180x180.jpg 180w\" sizes=\"auto, (max-width: 150px) 100vw, 150px\" \/><\/a>\n\t\t\t<\/div><\/figure><figure class='gallery-item'>\n\t\t\t<div class='gallery-icon portrait'>\n\t\t\t\t<a href='https:\/\/www.lakevillalotus.com\/?attachment_id=298'><img loading=\"lazy\" decoding=\"async\" width=\"150\" height=\"150\" src=\"https:\/\/www.lakevillalotus.com\/wp-content\/uploads\/2018\/10\/IdealesHeim_2-2-150x150.jpg\" class=\"attachment-thumbnail size-thumbnail\" alt=\"\" srcset=\"https:\/\/www.lakevillalotus.com\/wp-content\/uploads\/2018\/10\/IdealesHeim_2-2-150x150.jpg 150w, https:\/\/www.lakevillalotus.com\/wp-content\/uploads\/2018\/10\/IdealesHeim_2-2-180x180.jpg 180w\" sizes=\"auto, (max-width: 150px) 100vw, 150px\" \/><\/a>\n\t\t\t<\/div><\/figure><figure class='gallery-item'>\n\t\t\t<div class='gallery-icon portrait'>\n\t\t\t\t<a href='https:\/\/www.lakevillalotus.com\/?attachment_id=299'><img loading=\"lazy\" decoding=\"async\" width=\"150\" height=\"150\" src=\"https:\/\/www.lakevillalotus.com\/wp-content\/uploads\/2018\/10\/IdealesHeim_3-2-150x150.jpg\" class=\"attachment-thumbnail size-thumbnail\" alt=\"\" srcset=\"https:\/\/www.lakevillalotus.com\/wp-content\/uploads\/2018\/10\/IdealesHeim_3-2-150x150.jpg 150w, https:\/\/www.lakevillalotus.com\/wp-content\/uploads\/2018\/10\/IdealesHeim_3-2-180x180.jpg 180w\" sizes=\"auto, (max-width: 150px) 100vw, 150px\" \/><\/a>\n\t\t\t<\/div><\/figure><figure class='gallery-item'>\n\t\t\t<div class='gallery-icon portrait'>\n\t\t\t\t<a href='https:\/\/www.lakevillalotus.com\/?attachment_id=300'><img loading=\"lazy\" decoding=\"async\" width=\"150\" height=\"150\" src=\"https:\/\/www.lakevillalotus.com\/wp-content\/uploads\/2018\/10\/IdealesHeim_4-2-150x150.jpg\" class=\"attachment-thumbnail size-thumbnail\" alt=\"\" srcset=\"https:\/\/www.lakevillalotus.com\/wp-content\/uploads\/2018\/10\/IdealesHeim_4-2-150x150.jpg 150w, https:\/\/www.lakevillalotus.com\/wp-content\/uploads\/2018\/10\/IdealesHeim_4-2-180x180.jpg 180w\" sizes=\"auto, (max-width: 150px) 100vw, 150px\" \/><\/a>\n\t\t\t<\/div><\/figure><figure class='gallery-item'>\n\t\t\t<div class='gallery-icon portrait'>\n\t\t\t\t<a href='https:\/\/www.lakevillalotus.com\/?attachment_id=301'><img loading=\"lazy\" decoding=\"async\" width=\"150\" height=\"150\" src=\"https:\/\/www.lakevillalotus.com\/wp-content\/uploads\/2018\/10\/IdealesHeim_5-2-150x150.jpg\" class=\"attachment-thumbnail size-thumbnail\" alt=\"\" srcset=\"https:\/\/www.lakevillalotus.com\/wp-content\/uploads\/2018\/10\/IdealesHeim_5-2-150x150.jpg 150w, https:\/\/www.lakevillalotus.com\/wp-content\/uploads\/2018\/10\/IdealesHeim_5-2-180x180.jpg 180w\" sizes=\"auto, (max-width: 150px) 100vw, 150px\" \/><\/a>\n\t\t\t<\/div><\/figure><figure class='gallery-item'>\n\t\t\t<div class='gallery-icon portrait'>\n\t\t\t\t<a href='https:\/\/www.lakevillalotus.com\/?attachment_id=302'><img loading=\"lazy\" decoding=\"async\" width=\"150\" height=\"150\" src=\"https:\/\/www.lakevillalotus.com\/wp-content\/uploads\/2018\/10\/IdealesHeim_6-1-150x150.jpg\" class=\"attachment-thumbnail size-thumbnail\" alt=\"\" srcset=\"https:\/\/www.lakevillalotus.com\/wp-content\/uploads\/2018\/10\/IdealesHeim_6-1-150x150.jpg 150w, https:\/\/www.lakevillalotus.com\/wp-content\/uploads\/2018\/10\/IdealesHeim_6-1-180x180.jpg 180w\" sizes=\"auto, (max-width: 150px) 100vw, 150px\" \/><\/a>\n\t\t\t<\/div><\/figure><figure class='gallery-item'>\n\t\t\t<div class='gallery-icon portrait'>\n\t\t\t\t<a href='https:\/\/www.lakevillalotus.com\/?attachment_id=303'><img loading=\"lazy\" decoding=\"async\" width=\"150\" height=\"150\" src=\"https:\/\/www.lakevillalotus.com\/wp-content\/uploads\/2018\/10\/IdealesHeim_7-1-150x150.jpg\" class=\"attachment-thumbnail size-thumbnail\" alt=\"\" srcset=\"https:\/\/www.lakevillalotus.com\/wp-content\/uploads\/2018\/10\/IdealesHeim_7-1-150x150.jpg 150w, https:\/\/www.lakevillalotus.com\/wp-content\/uploads\/2018\/10\/IdealesHeim_7-1-180x180.jpg 180w\" sizes=\"auto, (max-width: 150px) 100vw, 150px\" \/><\/a>\n\t\t\t<\/div><\/figure><figure class='gallery-item'>\n\t\t\t<div class='gallery-icon portrait'>\n\t\t\t\t<a href='https:\/\/www.lakevillalotus.com\/?attachment_id=304'><img loading=\"lazy\" decoding=\"async\" width=\"150\" height=\"150\" src=\"https:\/\/www.lakevillalotus.com\/wp-content\/uploads\/2018\/10\/IdealesHeim_8-1-150x150.jpg\" class=\"attachment-thumbnail size-thumbnail\" alt=\"\" srcset=\"https:\/\/www.lakevillalotus.com\/wp-content\/uploads\/2018\/10\/IdealesHeim_8-1-150x150.jpg 150w, https:\/\/www.lakevillalotus.com\/wp-content\/uploads\/2018\/10\/IdealesHeim_8-1-180x180.jpg 180w\" sizes=\"auto, (max-width: 150px) 100vw, 150px\" \/><\/a>\n\t\t\t<\/div><\/figure>\n\t\t<\/div>\n\n","protected":false},"excerpt":{"rendered":"<p>Das Haus wurde 1941 von einem K\u00e4seproduzent und &#8211; exporteur aus dem Emmental gebaut. Er war einer der ersten welche K\u00e4se in die USA exportierten. 1945 erschien ein Artikel \u00fcber das Haus in dem bekannten Schweizer Magazin &#8222;Das ideale Heim&#8220;<\/p>\n","protected":false},"author":1,"featured_media":284,"parent":0,"menu_order":0,"comment_status":"closed","ping_status":"closed","template":"","meta":{"om_disable_all_campaigns":false,"_monsterinsights_skip_tracking":false,"_monsterinsights_sitenote_active":false,"_monsterinsights_sitenote_note":"","_monsterinsights_sitenote_category":0,"_uf_show_specific_survey":0,"_uf_disable_surveys":false,"two_page_speed":[],"footnotes":""},"tags":[],"class_list":["post-286","page","type-page","status-publish","has-post-thumbnail","hentry","without-featured-image"],"yoast_head":"<!-- This site is optimized with the Yoast SEO plugin v27.3 - https:\/\/yoast.com\/product\/yoast-seo-wordpress\/ -->\n<title>Geschichte - Lake Villa Lotus<\/title>\n<meta name=\"robots\" content=\"index, follow, max-snippet:-1, max-image-preview:large, max-video-preview:-1\" \/>\n<link rel=\"canonical\" href=\"https:\/\/www.lakevillalotus.com\/?page_id=286&lang=de\" \/>\n<meta property=\"og:locale\" content=\"de_DE\" \/>\n<meta property=\"og:type\" content=\"article\" \/>\n<meta property=\"og:title\" content=\"Geschichte - Lake Villa Lotus\" \/>\n<meta property=\"og:description\" content=\"Das Haus wurde 1941 von einem K\u00e4seproduzent und &#8211; exporteur aus dem Emmental gebaut. Er war einer der ersten welche K\u00e4se in die USA exportierten. 1945 erschien ein Artikel \u00fcber das Haus in dem bekannten Schweizer Magazin &#8222;Das ideale Heim&#8220;\" \/>\n<meta property=\"og:url\" content=\"https:\/\/www.lakevillalotus.com\/?page_id=286&amp;lang=de\" \/>\n<meta property=\"og:site_name\" content=\"Lake Villa Lotus\" \/>\n<meta property=\"article:publisher\" content=\"https:\/\/www.facebook.com\/LakeVillaLotus\/\" \/>\n<meta property=\"article:modified_time\" content=\"2023-04-12T11:03:42+00:00\" \/>\n<meta property=\"og:image\" content=\"https:\/\/www.lakevillalotus.com\/wp-content\/uploads\/2018\/10\/IdealesHeim_0-1.jpg\" \/>\n\t<meta property=\"og:image:width\" content=\"1200\" \/>\n\t<meta property=\"og:image:height\" content=\"1587\" \/>\n\t<meta property=\"og:image:type\" content=\"image\/jpeg\" \/>\n<meta name=\"twitter:card\" content=\"summary_large_image\" \/>\n<meta name=\"twitter:site\" content=\"@lakevillalotus\" \/>\n<script type=\"application\/ld+json\" class=\"yoast-schema-graph\">{\"@context\":\"https:\\\/\\\/schema.org\",\"@graph\":[{\"@type\":\"WebPage\",\"@id\":\"https:\\\/\\\/www.lakevillalotus.com\\\/?page_id=286&lang=de\",\"url\":\"https:\\\/\\\/www.lakevillalotus.com\\\/?page_id=286&lang=de\",\"name\":\"Geschichte - Lake Villa Lotus\",\"isPartOf\":{\"@id\":\"https:\\\/\\\/www.lakevillalotus.com\\\/#website\"},\"primaryImageOfPage\":{\"@id\":\"https:\\\/\\\/www.lakevillalotus.com\\\/?page_id=286&lang=de#primaryimage\"},\"image\":{\"@id\":\"https:\\\/\\\/www.lakevillalotus.com\\\/?page_id=286&lang=de#primaryimage\"},\"thumbnailUrl\":\"https:\\\/\\\/www.lakevillalotus.com\\\/wp-content\\\/uploads\\\/2018\\\/10\\\/IdealesHeim_0-1.jpg\",\"datePublished\":\"2018-10-09T18:59:05+00:00\",\"dateModified\":\"2023-04-12T11:03:42+00:00\",\"breadcrumb\":{\"@id\":\"https:\\\/\\\/www.lakevillalotus.com\\\/?page_id=286&lang=de#breadcrumb\"},\"inLanguage\":\"de\",\"potentialAction\":[{\"@type\":\"ReadAction\",\"target\":[\"https:\\\/\\\/www.lakevillalotus.com\\\/?page_id=286&lang=de\"]}]},{\"@type\":\"ImageObject\",\"inLanguage\":\"de\",\"@id\":\"https:\\\/\\\/www.lakevillalotus.com\\\/?page_id=286&lang=de#primaryimage\",\"url\":\"https:\\\/\\\/www.lakevillalotus.com\\\/wp-content\\\/uploads\\\/2018\\\/10\\\/IdealesHeim_0-1.jpg\",\"contentUrl\":\"https:\\\/\\\/www.lakevillalotus.com\\\/wp-content\\\/uploads\\\/2018\\\/10\\\/IdealesHeim_0-1.jpg\",\"width\":1200,\"height\":1587},{\"@type\":\"BreadcrumbList\",\"@id\":\"https:\\\/\\\/www.lakevillalotus.com\\\/?page_id=286&lang=de#breadcrumb\",\"itemListElement\":[{\"@type\":\"ListItem\",\"position\":1,\"name\":\"Home\",\"item\":\"https:\\\/\\\/www.lakevillalotus.com\\\/\"},{\"@type\":\"ListItem\",\"position\":2,\"name\":\"Geschichte\"}]},{\"@type\":\"WebSite\",\"@id\":\"https:\\\/\\\/www.lakevillalotus.com\\\/#website\",\"url\":\"https:\\\/\\\/www.lakevillalotus.com\\\/\",\"name\":\"Lake Villa Lotus\",\"description\":\"Classic Villa rental at Lake Lucerne | Private Pool | Direct Lake Access &amp; Private Beach | Lakefront Villa | Unique Privacy\",\"publisher\":{\"@id\":\"https:\\\/\\\/www.lakevillalotus.com\\\/#organization\"},\"alternateName\":\"Luxury Villa Rental at Lake Lucerne | Lake Villa Lotus\",\"potentialAction\":[{\"@type\":\"SearchAction\",\"target\":{\"@type\":\"EntryPoint\",\"urlTemplate\":\"https:\\\/\\\/www.lakevillalotus.com\\\/?s={search_term_string}\"},\"query-input\":{\"@type\":\"PropertyValueSpecification\",\"valueRequired\":true,\"valueName\":\"search_term_string\"}}],\"inLanguage\":\"de\"},{\"@type\":\"Organization\",\"@id\":\"https:\\\/\\\/www.lakevillalotus.com\\\/#organization\",\"name\":\"Lake Villa Lotus\",\"alternateName\":\"Luxury Villa Rental at Lake Lucerne | Lake Villa Lotus\",\"url\":\"https:\\\/\\\/www.lakevillalotus.com\\\/\",\"logo\":{\"@type\":\"ImageObject\",\"inLanguage\":\"de\",\"@id\":\"https:\\\/\\\/www.lakevillalotus.com\\\/#\\\/schema\\\/logo\\\/image\\\/\",\"url\":\"https:\\\/\\\/www.lakevillalotus.com\\\/wp-content\\\/uploads\\\/2018\\\/08\\\/logo2_180701.jpg\",\"contentUrl\":\"https:\\\/\\\/www.lakevillalotus.com\\\/wp-content\\\/uploads\\\/2018\\\/08\\\/logo2_180701.jpg\",\"width\":1124,\"height\":800,\"caption\":\"Lake Villa Lotus\"},\"image\":{\"@id\":\"https:\\\/\\\/www.lakevillalotus.com\\\/#\\\/schema\\\/logo\\\/image\\\/\"},\"sameAs\":[\"https:\\\/\\\/www.facebook.com\\\/LakeVillaLotus\\\/\",\"https:\\\/\\\/x.com\\\/lakevillalotus\",\"https:\\\/\\\/www.instagram.com\\\/lakevillalotus\\\/\",\"https:\\\/\\\/www.linkedin.com\\\/in\\\/lake-villa-lotus-luzern-a3a179198\\\/?originalSubdomain=ch\"]}]}<\/script>\n<!-- \/ Yoast SEO plugin. -->","yoast_head_json":{"title":"Geschichte - Lake Villa Lotus","robots":{"index":"index","follow":"follow","max-snippet":"max-snippet:-1","max-image-preview":"max-image-preview:large","max-video-preview":"max-video-preview:-1"},"canonical":"https:\/\/www.lakevillalotus.com\/?page_id=286&lang=de","og_locale":"de_DE","og_type":"article","og_title":"Geschichte - Lake Villa Lotus","og_description":"Das Haus wurde 1941 von einem K\u00e4seproduzent und &#8211; exporteur aus dem Emmental gebaut. Er war einer der ersten welche K\u00e4se in die USA exportierten. 1945 erschien ein Artikel \u00fcber das Haus in dem bekannten Schweizer Magazin &#8222;Das ideale Heim&#8220;","og_url":"https:\/\/www.lakevillalotus.com\/?page_id=286&lang=de","og_site_name":"Lake Villa Lotus","article_publisher":"https:\/\/www.facebook.com\/LakeVillaLotus\/","article_modified_time":"2023-04-12T11:03:42+00:00","og_image":[{"width":1200,"height":1587,"url":"https:\/\/www.lakevillalotus.com\/wp-content\/uploads\/2018\/10\/IdealesHeim_0-1.jpg","type":"image\/jpeg"}],"twitter_card":"summary_large_image","twitter_site":"@lakevillalotus","schema":{"@context":"https:\/\/schema.org","@graph":[{"@type":"WebPage","@id":"https:\/\/www.lakevillalotus.com\/?page_id=286&lang=de","url":"https:\/\/www.lakevillalotus.com\/?page_id=286&lang=de","name":"Geschichte - Lake Villa Lotus","isPartOf":{"@id":"https:\/\/www.lakevillalotus.com\/#website"},"primaryImageOfPage":{"@id":"https:\/\/www.lakevillalotus.com\/?page_id=286&lang=de#primaryimage"},"image":{"@id":"https:\/\/www.lakevillalotus.com\/?page_id=286&lang=de#primaryimage"},"thumbnailUrl":"https:\/\/www.lakevillalotus.com\/wp-content\/uploads\/2018\/10\/IdealesHeim_0-1.jpg","datePublished":"2018-10-09T18:59:05+00:00","dateModified":"2023-04-12T11:03:42+00:00","breadcrumb":{"@id":"https:\/\/www.lakevillalotus.com\/?page_id=286&lang=de#breadcrumb"},"inLanguage":"de","potentialAction":[{"@type":"ReadAction","target":["https:\/\/www.lakevillalotus.com\/?page_id=286&lang=de"]}]},{"@type":"ImageObject","inLanguage":"de","@id":"https:\/\/www.lakevillalotus.com\/?page_id=286&lang=de#primaryimage","url":"https:\/\/www.lakevillalotus.com\/wp-content\/uploads\/2018\/10\/IdealesHeim_0-1.jpg","contentUrl":"https:\/\/www.lakevillalotus.com\/wp-content\/uploads\/2018\/10\/IdealesHeim_0-1.jpg","width":1200,"height":1587},{"@type":"BreadcrumbList","@id":"https:\/\/www.lakevillalotus.com\/?page_id=286&lang=de#breadcrumb","itemListElement":[{"@type":"ListItem","position":1,"name":"Home","item":"https:\/\/www.lakevillalotus.com\/"},{"@type":"ListItem","position":2,"name":"Geschichte"}]},{"@type":"WebSite","@id":"https:\/\/www.lakevillalotus.com\/#website","url":"https:\/\/www.lakevillalotus.com\/","name":"Lake Villa Lotus","description":"Classic Villa rental at Lake Lucerne | Private Pool | Direct Lake Access &amp; Private Beach | Lakefront Villa | Unique Privacy","publisher":{"@id":"https:\/\/www.lakevillalotus.com\/#organization"},"alternateName":"Luxury Villa Rental at Lake Lucerne | Lake Villa Lotus","potentialAction":[{"@type":"SearchAction","target":{"@type":"EntryPoint","urlTemplate":"https:\/\/www.lakevillalotus.com\/?s={search_term_string}"},"query-input":{"@type":"PropertyValueSpecification","valueRequired":true,"valueName":"search_term_string"}}],"inLanguage":"de"},{"@type":"Organization","@id":"https:\/\/www.lakevillalotus.com\/#organization","name":"Lake Villa Lotus","alternateName":"Luxury Villa Rental at Lake Lucerne | Lake Villa Lotus","url":"https:\/\/www.lakevillalotus.com\/","logo":{"@type":"ImageObject","inLanguage":"de","@id":"https:\/\/www.lakevillalotus.com\/#\/schema\/logo\/image\/","url":"https:\/\/www.lakevillalotus.com\/wp-content\/uploads\/2018\/08\/logo2_180701.jpg","contentUrl":"https:\/\/www.lakevillalotus.com\/wp-content\/uploads\/2018\/08\/logo2_180701.jpg","width":1124,"height":800,"caption":"Lake Villa Lotus"},"image":{"@id":"https:\/\/www.lakevillalotus.com\/#\/schema\/logo\/image\/"},"sameAs":["https:\/\/www.facebook.com\/LakeVillaLotus\/","https:\/\/x.com\/lakevillalotus","https:\/\/www.instagram.com\/lakevillalotus\/","https:\/\/www.linkedin.com\/in\/lake-villa-lotus-luzern-a3a179198\/?originalSubdomain=ch"]}]}},"jetpack_sharing_enabled":true,"jetpack_shortlink":"https:\/\/wp.me\/P9VoQm-4C","_links":{"self":[{"href":"https:\/\/www.lakevillalotus.com\/index.php?rest_route=\/wp\/v2\/pages\/286","targetHints":{"allow":["GET"]}}],"collection":[{"href":"https:\/\/www.lakevillalotus.com\/index.php?rest_route=\/wp\/v2\/pages"}],"about":[{"href":"https:\/\/www.lakevillalotus.com\/index.php?rest_route=\/wp\/v2\/types\/page"}],"author":[{"embeddable":true,"href":"https:\/\/www.lakevillalotus.com\/index.php?rest_route=\/wp\/v2\/users\/1"}],"replies":[{"embeddable":true,"href":"https:\/\/www.lakevillalotus.com\/index.php?rest_route=%2Fwp%2Fv2%2Fcomments&post=286"}],"version-history":[{"count":4,"href":"https:\/\/www.lakevillalotus.com\/index.php?rest_route=\/wp\/v2\/pages\/286\/revisions"}],"predecessor-version":[{"id":307,"href":"https:\/\/www.lakevillalotus.com\/index.php?rest_route=\/wp\/v2\/pages\/286\/revisions\/307"}],"wp:featuredmedia":[{"embeddable":true,"href":"https:\/\/www.lakevillalotus.com\/index.php?rest_route=\/wp\/v2\/media\/284"}],"wp:attachment":[{"href":"https:\/\/www.lakevillalotus.com\/index.php?rest_route=%2Fwp%2Fv2%2Fmedia&parent=286"}],"wp:term":[{"taxonomy":"post_tag","embeddable":true,"href":"https:\/\/www.lakevillalotus.com\/index.php?rest_route=%2Fwp%2Fv2%2Ftags&post=286"}],"curies":[{"name":"wp","href":"https:\/\/api.w.org\/{rel}","templated":true}]}}